{"id":28,"date":"2013-10-06T18:22:18","date_gmt":"2013-10-06T16:22:18","guid":{"rendered":"http:\/\/www.rameuwesen.de\/wordpress\/?page_id=28"},"modified":"2013-10-10T11:32:33","modified_gmt":"2013-10-10T09:32:33","slug":"profil","status":"publish","type":"page","link":"https:\/\/www.rameuwesen.de\/wordpress\/?page_id=28","title":{"rendered":"Profil"},"content":{"rendered":"<p><a href=\"https:\/\/www.rameuwesen.de\/wordpress\/wp-content\/uploads\/2013\/10\/markus_sitzend_sw1.png\"><img loading=\"lazy\" decoding=\"async\" class=\"alignleft size-medium wp-image-123\" alt=\"markus_sitzend_sw\" src=\"https:\/\/www.rameuwesen.de\/wordpress\/wp-content\/uploads\/2013\/10\/markus_sitzend_sw1-300x282.png\" width=\"300\" height=\"282\" srcset=\"https:\/\/www.rameuwesen.de\/wordpress\/wp-content\/uploads\/2013\/10\/markus_sitzend_sw1-300x282.png 300w, https:\/\/www.rameuwesen.de\/wordpress\/wp-content\/uploads\/2013\/10\/markus_sitzend_sw1.png 500w\" sizes=\"auto, (max-width: 300px) 100vw, 300px\" \/><\/a><\/p>\n<p>Geboren am 6. M\u00e4rz 1970 in Essen<br \/>\nStudium der Rechtswissenschaften an der Ruhr-Universit\u00e4t Bochum<br \/>\nReferendariat beim Landgericht Essen<br \/>\nGesch\u00e4ftsf\u00fchrer eines \u00fcberregional t\u00e4tigen Vertriebsunternehmens<br \/>\nT\u00e4tigkeit bei einer auf Strafverteidigung spezialisierten Anwaltskanzlei in Essen<\/p>\n<p>Seit 1999 selbstst\u00e4ndiger Rechtsanwalt in M\u00fclheim an der Ruhr<\/p>\n<div><\/div>\n","protected":false},"excerpt":{"rendered":"<p>Geboren am 6. M\u00e4rz 1970 in Essen Studium der Rechtswissenschaften an der Ruhr-Universit\u00e4t Bochum Referendariat beim Landgericht Essen Gesch\u00e4ftsf\u00fchrer eines \u00fcberregional t\u00e4tigen Vertriebsunternehmens T\u00e4tigkeit bei einer auf Strafverteidigung spezialisierten Anwaltskanzlei in Essen Seit 1999 selbstst\u00e4ndiger Rechtsanwalt in M\u00fclheim an der Ruhr<\/p>\n","protected":false},"author":2,"featured_media":0,"parent":0,"menu_order":1,"comment_status":"closed","ping_status":"closed","template":"seitentemplate-beispiel.php","meta":{"footnotes":""},"class_list":["post-28","page","type-page","status-publish","hentry"],"_links":{"self":[{"href":"https:\/\/www.rameuwesen.de\/wordpress\/index.php?rest_route=\/wp\/v2\/pages\/28","targetHints":{"allow":["GET"]}}],"collection":[{"href":"https:\/\/www.rameuwesen.de\/wordpress\/index.php?rest_route=\/wp\/v2\/pages"}],"about":[{"href":"https:\/\/www.rameuwesen.de\/wordpress\/index.php?rest_route=\/wp\/v2\/types\/page"}],"author":[{"embeddable":true,"href":"https:\/\/www.rameuwesen.de\/wordpress\/index.php?rest_route=\/wp\/v2\/users\/2"}],"replies":[{"embeddable":true,"href":"https:\/\/www.rameuwesen.de\/wordpress\/index.php?rest_route=%2Fwp%2Fv2%2Fcomments&post=28"}],"version-history":[{"count":7,"href":"https:\/\/www.rameuwesen.de\/wordpress\/index.php?rest_route=\/wp\/v2\/pages\/28\/revisions"}],"predecessor-version":[{"id":124,"href":"https:\/\/www.rameuwesen.de\/wordpress\/index.php?rest_route=\/wp\/v2\/pages\/28\/revisions\/124"}],"wp:attachment":[{"href":"https:\/\/www.rameuwesen.de\/wordpress\/index.php?rest_route=%2Fwp%2Fv2%2Fmedia&parent=28"}],"curies":[{"name":"wp","href":"https:\/\/api.w.org\/{rel}","templated":true}]}}